igit of 12253?
3
What is the thousands digit of 20144?
0
What is the tens digit of 6790?
9
What is the tens digit of 2589?
8
What is the tens digit of 777?
7
What is the ten thousands digit of 13584?
1
What is the thousands digit of 36040?
6
What is the units digit of 893?
3
What is the thousands digit of 16830?
6
What is the hundreds digit of 4018?
0
What is the ten thousands digit of 88114?
8
What is the ten thousands digit of 67561?
6
What is the thousands digit of 19607?
9
What is the thousands digit of 19909?
9
What is the units digit of 1612?
2
What is the ten thousands digit of 92407?
9
What is the units digit of 29?
9
What is the thousands digit of 3280?
3
What is the units digit of 126926?
6
What is the ten thousands digit of 100122?
0
What is the hundreds digit of 1217?
2
What is the hundreds digit of 5337?
3
What is the thousands digit of 4524?
4
What is the tens digit of 7911?
1
What is the units digit of 9436?
6
What is the hundreds digit of 10015?
0
What is the thousands digit of 10526?
0
What is the hundreds digit of 5392?
3
What is the tens digit of 4177?
7
What is the hundreds digit of 49448?
4
What is the hundreds digit of 2115?
1
What is the units digit of 446?
6
What is the hundreds digit of 255?
2
What is the tens digit of 4743?
4
What is the tens digit of 31687?
8
What is the thousands digit of 58509?
8
What is the units digit of 128?
8
What is the units digit of 680?
0
What is the tens digit of 650?
5
What is the hundreds digit of 347?
3
What is the hundreds digit of 5295?
2
What is the units digit of 557?
7
What is the thousands digit of 1141?
1
What is the units digit of 5441?
1
What is the units digit of 699?
9
What is the units digit of 2605?
5
What is the units digit of 227?
7
What is the units digit of 19309?
9
What is the units digit of 6230?
0
What is the hundreds digit of 56159?
1
What is the units digit of 1231?
1
What is the tens digit of 1201?
0
What is the thousands digit of 17701?
7
What is the hundreds digit of 48250?
2
What is the units digit of 36676?
6
What is the tens digit of 162?
6
What is the thousands digit of 77826?
7
What is the tens digit of 1315?
1
What is the hundreds digit of 1529?
5
What is the units digit of 25258?
8
What is the hundred thousands digit of 106935?
1
What is the tens digit of 18169?
6
What is the units digit of 4135?
5
What is the tens digit of 34843?
4
What is the ten thousands digit of 16045?
1
What is the hundreds digit of 50941?
9
What is the tens digit of 1486?
8
What is the tens digit of 80281?
8
What is the units digit of 589?
9
What is the tens digit of 10584?
8
What is the ten thousands digit of 23780?
2
What is the units digit of 79185?
5
What is the tens digit of 5213?
1
What is the hundreds digit of 10096?
0
What is the units digit of 5028?
8
What is the units digit of 337?
7
What is the hundreds digit of 10526?
5
What is the units digit of 487?
7
What is the tens digit of 1493?
9
What is the hundreds digit of 371?
3
What is the ten thousands digit of 13293?
1
What is the thousands digit of 9907?
9
What is the hundreds digit of 8714?
7
What is the units digit of 10819?
9
What is the hundreds digit of 11469?
4
What is the thousands digit of 4910?
4
What is the hundreds digit of 4799?
7
What is the units digit of 202?
2
What is the hundreds digit of 501?
5
What is the thousands digit of 8781?
8
What is the tens digit of 29261?
6
What is the tens digit of 703?
0
What is the tens digit of 7403?
0
What is the thousands digit of 1202?
1
What is the hundreds digit of 2081?
0
What is the hundreds digit of 391?
3
What is the units digit of 5059?
9
What is the thousands digit of 1759?
1
What is the tens digit of 2927?
2
What is the ten thousands digit of 20948?
2
What is the units digit of 17344?
4
What is the tens digit of 4014?
1
What is the hundreds digit of 7164?
1
What is the tens digit of 18863?
6
What is the hundreds digit of 799?
7
What is the thousands digit of 71328?
1
What is the units digit of 1287?
7
What is the tens digit of 5336?
3
What is the tens digit of 3294?
9
What is the ten thousands digit of 15592?
1
What is the hundreds digit of 1522?
5
What is the units digit of 23030?
0
What is the hundreds digit of 1611?
6
What is the units digit of 489?
9
What is the units digit of 1340?
0
What is the hundreds digit of 4155?
1
What is the tens digit of 1817?
1
What is the hundreds digit of 36341?
3
What is the tens digit of 394?
9
What is the tens digit of 806?
0
What is the thousands digit of 4085?
4
What is the tens digit of 4425?
2
What is the hundreds digit of 519?
5
What is the tens digit of 1465?
6
What is the ten thousands digit of 10998?
1
What is the tens digit of 9419?
1
What is the thousands digit of 77094?
7
What is the units digit of 2953?
3
What is the hundreds digit of 15977?
9
What is the thousands digit of 16808?
6
What is the thousands digit of 21179?
1
What is the units digit of 1797?
7
What is the units digit of 248?
8
What is the tens digit of 10427?
2
What is the thousands digit of 1005?
1
What is the thousands digit of 2618?
2
What is the units digit of 1312?
2
What is the ten thousands digit of 48153?
4
What is the hundreds digit of 1001?
0
What is the tens digit of 2904?
0
What is the hundreds digit of 33486?
4
What is the units digit of 1455?
5
What is the hundreds digit of 388?
3
What is the tens digit of 13?
1
What is the units digit of 2951?
1
What is the units digit of 1288?
8
What is the thousands digit of 6868?
6
What is the thousands digit of 45144?
5
What is the units digit of 59877?
7
What is the units digit of 966?
6
What is the thousands digit of 1369?
1
What is the thousands digit of 4956?
4
What is the hundreds digit of 1868?
8
What is the thousands digit of 1208?
1
What is the tens digit of 17380?
8
What is the hundreds digit of 15588?
5
What is the tens digit of 10822?
2
What is the hundreds digit of 1009?
0
What is the units digit of 19219?
9
What is the tens digit of 7505?
0
What is the tens digit of 14019?
1
What is the hundreds digit of 419?
4
What is the tens digit of 279?
7
What is the units digit of 4866?
6
What is the units digit of 63749?
9
What is the hundreds digit of 5018?
0
What is the hundreds digit of 18763?
7
What is the units digit of 170?
0
What is the tens digit of 1300?
0
What is the tens digit of 3649?
4
What is the tens digit of 3223?
2
What is the hundreds digit of 1933?
9
What is the thousands digit of 1958?
1
What is the units digit of 6060?
0
What is the hundreds digit of 970?
9
What is the thousands digit of 7343?
7
What is the tens digit of 386?
8
What is the units digit of 72?
2
What is the thousands digit of 3294?
3
What is the tens digit of 99720?
2
What is the tens digit of 56755?
5
What is the thousands digit of 1080?
1
What is the tens digit of 798?
9
What is the thousands digit of 1162?
1
What is the tens digit of 236?
3
What is the thousands digit of 2699?
2
What is the hundreds digit of 273?
2
What is the thousands digit of 18433?
8
What is the units digit of 7776?
6
What is the units digit of 4890?
0
What is the tens digit of 237?
3
What is the thousands digit of 54127?
4
What is the tens digit of 703?
0
What is the units digit of 7499?
9
What is the thousands digit of 24536?
4
What is the thousands digit of 29849?
9
What is the tens digit of 5479?
7
What is the thousands digit of 2901?
2
What is the ten thousands digit of 16529?
1
What is the hundreds digit of 684?
6
What is the ten thousands digit of 16176?
1
What is the hundreds digit of 84196?
1
What is the thousands digit of 47419?
7
What is the tens digit of 63?
6
What is the hundreds digit of 2598?
5
What is the units digit of 791?
1
What is the ten thousands digit of 11761?
1
What is the thousands digit of 2317?
2
What is the hundreds digit of 368?
3
What is the tens digit of 5405?
0
What is the hundreds digit of 51301?
3
What is the units digit of 794?
4
What is the units digit of 1284?
4
What is the hundreds digit of 25955?
9
What is the units digit of 127?
7
What is the thousands digit of 1479?
1
What is the hundreds digit of 1518?
5
What is the units digit of 560?
0
What is the thousands digit of 8067?
8
What is the hundreds digit of 3375?
3
What is the hundreds digit of 23926?
9
What is the hundreds digit of 62143?
1
